{"id":450,"date":"2018-11-27T09:17:28","date_gmt":"2018-11-27T08:17:28","guid":{"rendered":"http:\/\/mdelblag.pl\/index.php\/services\/"},"modified":"2026-01-01T19:27:03","modified_gmt":"2026-01-01T18:27:03","slug":"duszpasterze","status":"publish","type":"page","link":"https:\/\/mlodziez.diecezja.elblag.pl\/index.php\/duszpasterze\/","title":{"rendered":"Dekanalni Duszpasterze M\u0142odzie\u017cy"},"content":{"rendered":"\t\t<div data-elementor-type=\"wp-post\" data-elementor-id=\"450\" class=\"elementor elementor-450\">\n\t\t\t\t\t\t<section class=\"elementor-section elementor-top-section elementor-element elementor-element-33a79095 elementor-section-boxed elementor-section-height-default elementor-section-height-default\" data-id=\"33a79095\" data-element_type=\"section\" data-settings=\"{&quot;background_background&quot;:&quot;classic&quot;}\">\n\t\t\t\t\t\t\t<div class=\"elementor-background-overlay\"><\/div>\n\t\t\t\t\t\t\t<div class=\"elementor-container elementor-column-gap-default\">\n\t\t\t\t\t<div class=\"elementor-column elementor-col-33 elementor-top-column elementor-element elementor-element-b7194dc\" data-id=\"b7194dc\" data-element_type=\"column\">\n\t\t\t<div class=\"elementor-widget-wrap\">\n\t\t\t\t\t\t\t<\/div>\n\t\t<\/div>\n\t\t\t\t<div class=\"elementor-column elementor-col-33 elementor-top-column elementor-element elementor-element-3706530d\" data-id=\"3706530d\" data-element_type=\"column\">\n\t\t\t<div class=\"elementor-widget-wrap elementor-element-populated\">\n\t\t\t\t\t\t<div class=\"elementor-element elementor-element-537de1f elementor-widget elementor-widget-heading\" data-id=\"537de1f\" data-element_type=\"widget\" data-widget_type=\"heading.default\">\n\t\t\t\t<div class=\"elementor-widget-container\">\n\t\t\t<h1 class=\"elementor-heading-title elementor-size-default\">dekanalni duszpasterze m\u0142odzie\u017cy<\/h1>\t\t<\/div>\n\t\t\t\t<\/div>\n\t\t\t\t\t<\/div>\n\t\t<\/div>\n\t\t\t\t<div class=\"elementor-column elementor-col-33 elementor-top-column elementor-element elementor-element-4788e5dc\" data-id=\"4788e5dc\" data-element_type=\"column\">\n\t\t\t<div class=\"elementor-widget-wrap\">\n\t\t\t\t\t\t\t<\/div>\n\t\t<\/div>\n\t\t\t\t\t<\/div>\n\t\t<\/section>\n\t\t\t\t<section class=\"elementor-section elementor-top-section elementor-element elementor-element-90ece19 elementor-section-boxed elementor-section-height-default elementor-section-height-default\" data-id=\"90ece19\" data-element_type=\"section\">\n\t\t\t\t\t\t<div class=\"elementor-container elementor-column-gap-default\">\n\t\t\t\t\t<div class=\"elementor-column elementor-col-100 elementor-top-column elementor-element elementor-element-0bd230c\" data-id=\"0bd230c\" data-element_type=\"column\">\n\t\t\t<div class=\"elementor-widget-wrap elementor-element-populated\">\n\t\t\t\t\t\t<div class=\"elementor-element elementor-element-a036f66 elementor-widget elementor-widget-spacer\" data-id=\"a036f66\" data-element_type=\"widget\" data-widget_type=\"spacer.default\">\n\t\t\t\t<div class=\"elementor-widget-container\">\n\t\t\t\t\t<div class=\"elementor-spacer\">\n\t\t\t<div class=\"elementor-spacer-inner\"><\/div>\n\t\t<\/div>\n\t\t\t\t<\/div>\n\t\t\t\t<\/div>\n\t\t\t\t<section class=\"elementor-section elementor-inner-section elementor-element elementor-element-0493733 elementor-section-boxed elementor-section-height-default elementor-section-height-default\" data-id=\"0493733\" data-element_type=\"section\">\n\t\t\t\t\t\t<div class=\"elementor-container elementor-column-gap-default\">\n\t\t\t\t\t<div class=\"elementor-column elementor-col-50 elementor-inner-column elementor-element elementor-element-7ad3d6e\" data-id=\"7ad3d6e\" data-element_type=\"column\">\n\t\t\t<div class=\"elementor-widget-wrap elementor-element-populated\">\n\t\t\t\t\t\t<div class=\"elementor-element elementor-element-615c6d1 elementor-widget elementor-widget-text-editor\" data-id=\"615c6d1\" data-element_type=\"widget\" data-widget_type=\"text-editor.default\">\n\t\t\t\t<div class=\"elementor-widget-container\">\n\t\t\t\t\t\t\t<ul><li><strong>ks. Micha\u0142 Semeniuk<\/strong> &#8211; Diecezjalny Duszpasterz M\u0142odzie\u017cy<\/li><li><strong>ks. Maciej Rusiecki<\/strong> &#8211; Dekanat Dzierzgo\u0144;<br \/>Parafia Tr\u00f3jcy Przenaj\u015bwi\u0119tsze w Dzierzgoniu<\/li><li><strong>ks. Piotr Wolnikowski<\/strong> &#8211; Dekanat Elbl\u0105g Po\u0142udnie;<br \/>Parafia pw. \u015bw. Jerzego w Elbl\u0105gu<\/li><li><strong>ks. Wojciech Wasilewski<\/strong> &#8211; Dekanat Elbl\u0105g P\u00f3\u0142noc;<br \/>Parafia pw. \u015bw. Wojciecha w Elbl\u0105gu<\/li><li><strong>ks. Pawe\u0142 Grzona<\/strong> &#8211; Dekanat Elbl\u0105g \u015ar\u00f3dmie\u015bcie;<br \/>Parafia katedralna pw. \u015bw. Miko\u0142aja w Elbl\u0105gu<\/li><li><strong>ks. Piotr Chmura<\/strong> &#8211; Dekanat I\u0142awa Wsch\u00f3d;<br \/>Parafia pw. Niepokalanego Pocz\u0119cia NMP w I\u0142awie<\/li><li><strong>ks. Kajetan Jakubowski<\/strong> &#8211; Dekanat I\u0142awa Zach\u00f3d;<br \/>Parafia pw. \u015bw. Brata Alberta w I\u0142awie<\/li><li><b>ks. Piotr Szafra\u0144ski<\/b> &#8211; Dekanat Krynica Morska;<br \/>Parafia pw. NP NMP w Nowym Dworze Gda\u0144skim<\/li><li style=\"font-size: 16px;\"><b>ks. Amadeusz Babiel<\/b> &#8211; Dekanat Kwidzyn \u015ar\u00f3dmie\u015bcie;<br \/>Parafia pw. \u015bw. Jana Ewangelisty w Kwidzynie<\/li><li style=\"font-size: 16px;\"><b>ks. Tomasz R\u00f3\u017cacki <\/b>&#8211; Dekanat Kwidzyn Zatorze;<br \/>Parafia pw. \u015bw. Wojciecha w Kwidzynie<\/li><li style=\"font-size: 16px;\"><b>ks. Marcin Marciniak<\/b> &#8211; Dekanat Malbork I;<br \/>Parafia pw. Matki Bo\u017cej Nieustaj\u0105cej Pomocy w Malborku<\/li><\/ul>\t\t\t\t\t\t<\/div>\n\t\t\t\t<\/div>\n\t\t\t\t\t<\/div>\n\t\t<\/div>\n\t\t\t\t<div class=\"elementor-column elementor-col-50 elementor-inner-column elementor-element elementor-element-9767a7d\" data-id=\"9767a7d\" data-element_type=\"column\">\n\t\t\t<div class=\"elementor-widget-wrap elementor-element-populated\">\n\t\t\t\t\t\t<div class=\"elementor-element elementor-element-f150180 elementor-widget elementor-widget-text-editor\" data-id=\"f150180\" data-element_type=\"widget\" data-widget_type=\"text-editor.default\">\n\t\t\t\t<div class=\"elementor-widget-container\">\n\t\t\t\t\t\t\t<ul><li><span style=\"font-weight: bold;\">ks. Krzysztof Kaoka\u00a0<\/span>&#8211; Dekanat Malbork II;<br \/>Parafia pw. Wniebowzi\u0119cia NMP w Ko\u0144czewicach<\/li><li style=\"font-size: 16px;\"><b>ks. Rados\u0142aw Kostecki<\/b> <span style=\"font-size: 16px;\">&#8211; Dekanat Mi\u0142om\u0142yn;<br \/><\/span>Parafia pw. \u015bw. Bart\u0142omieja w Mi\u0142om\u0142ynie<\/li><li style=\"font-size: 16px;\"><span style=\"font-weight: bold;\">ks. S\u0142awomir Milde\u00a0<\/span>&#8211; Dekanat Mor\u0105g;<br \/>Parafia pw. \u015bw. J\u00f3zefa w Mor\u0105gu<\/li><li style=\"font-size: 16px;\"><span style=\"font-weight: bold;\">ks. Piotr Szafra\u0144ski<\/span> &#8211; Dekanat Nowy Dw\u00f3r Gda\u0144sk; <br \/>Parafia pw. NP NMP w Nowym Dworze Gda\u0144skim<\/li><li style=\"font-size: 16px;\"><span style=\"font-weight: bold;\">ks. Aleksander Halecki <\/span>&#8211; Dekanat Nowy Staw;<br \/>Parafia pw. NP NMP w Nowym Dworze Gda\u0144skim<\/li><li style=\"font-size: 16px;\"><span style=\"font-weight: bold;\">ks. Daniel Pa\u0142kowski <\/span>&#8211; Dekanat Pas\u0142\u0119k I;<br \/>Parafia pw. \u015bw. J\u00f3zefa w Pas\u0142\u0119ku<\/li><li><strong>ks. Daniel Pa\u0142kowski<\/strong> &#8211; Dekanat Pas\u0142\u0119k II;<br \/>Parafia pw. \u015bw. J\u00f3zefa w Pas\u0142\u0119ku<\/li><li style=\"font-size: 16px;\"><span style=\"font-weight: bold;\">ks. Grzegorz Wala<\/span> &#8211; Dekanat Prabuty;<br \/>Parafia pw. \u015bw. Wojciecha w Prabutach<\/li><li style=\"font-size: 16px;\"><span style=\"font-weight: bold;\">ks. Maciej Ruci\u0144ski <\/span>&#8211; Dekanat Susz;<br \/>Parafia pw. \u015bw. Antoniego Padewskiego w Suszu<\/li><li style=\"font-size: 16px;\"><span style=\"font-weight: bold;\">ks. Pawe\u0142 Kaukus<\/span> &#8211; Dekanat Sztum;<br \/>Parafia pw. \u015bw. Andrzeja Boboli w Sztumie<\/li><li style=\"font-size: 16px;\"><span style=\"font-weight: bold;\">ks. Mateusz Ka\u017amierczak<\/span> &#8211; Dekanat Tolkmicko;<br \/>Parafia pw. \u015bw. Rafa\u0142a w Elbl\u0105g<\/li><\/ul>\t\t\t\t\t\t<\/div>\n\t\t\t\t<\/div>\n\t\t\t\t\t<\/div>\n\t\t<\/div>\n\t\t\t\t\t<\/div>\n\t\t<\/section>\n\t\t\t\t\t<\/div>\n\t\t<\/div>\n\t\t\t\t\t<\/div>\n\t\t<\/section>\n\t\t\t\t<\/div>\n\t\t","protected":false},"excerpt":{"rendered":"<p>dekanalni duszpasterze m\u0142odzie\u017cy ks. Micha\u0142 Semeniuk &#8211; Diecezjalny Duszpasterz M\u0142odzie\u017cy ks. Maciej Rusiecki &#8211; Dekanat Dzierzgo\u0144;Parafia Tr\u00f3jcy Przenaj\u015bwi\u0119tsze w Dzierzgoniu ks. Piotr Wolnikowski &#8211; Dekanat Elbl\u0105g Po\u0142udnie;Parafia pw. \u015bw. Jerzego w Elbl\u0105gu ks. Wojciech Wasilewski &#8211; Dekanat Elbl\u0105g P\u00f3\u0142noc;Parafia pw. \u015bw. Wojciecha w Elbl\u0105gu ks. Pawe\u0142 Grzona &#8211; Dekanat Elbl\u0105g \u015ar\u00f3dmie\u015bcie;Parafia katedralna pw. \u015bw. Miko\u0142aja [&hellip;]<\/p>\n","protected":false},"author":1,"featured_media":0,"parent":0,"menu_order":0,"comment_status":"closed","ping_status":"closed","template":"","meta":{"site-sidebar-layout":"no-sidebar","site-content-layout":"page-builder","ast-site-content-layout":"","site-content-style":"default","site-sidebar-style":"default","ast-global-header-display":"","ast-banner-title-visibility":"","ast-main-header-display":"","ast-hfb-above-header-display":"","ast-hfb-below-header-display":"","ast-hfb-mobile-header-display":"","site-post-title":"disabled","ast-breadcrumbs-content":"","ast-featured-img":"disabled","footer-sml-layout":"","theme-transparent-header-meta":"enabled","adv-header-id-meta":"","stick-header-meta":"","header-above-stick-meta":"","header-main-stick-meta":"","header-below-stick-meta":"","astra-migrate-meta-layouts":"default","ast-page-background-enabled":"default","ast-page-background-meta":{"desktop":{"background-color":"var(--ast-global-color-4)","background-image":"","background-repeat":"repeat","background-position":"center center","background-size":"auto","background-attachment":"scroll","background-type":"","background-media":"","overlay-type":"","overlay-color":"","overlay-opacity":"","overlay-gradient":""},"tablet":{"background-color":"","background-image":"","background-repeat":"repeat","background-position":"center center","background-size":"auto","background-attachment":"scroll","background-type":"","background-media":"","overlay-type":"","overlay-color":"","overlay-opacity":"","overlay-gradient":""},"mobile":{"background-color":"","background-image":"","background-repeat":"repeat","background-position":"center center","background-size":"auto","background-attachment":"scroll","background-type":"","background-media":"","overlay-type":"","overlay-color":"","overlay-opacity":"","overlay-gradient":""}},"ast-content-background-meta":{"desktop":{"background-color":"var(--ast-global-color-5)","background-image":"","background-repeat":"repeat","background-position":"center center","background-size":"auto","background-attachment":"scroll","background-type":"","background-media":"","overlay-type":"","overlay-color":"","overlay-opacity":"","overlay-gradient":""},"tablet":{"background-color":"var(--ast-global-color-5)","background-image":"","background-repeat":"repeat","background-position":"center center","background-size":"auto","background-attachment":"scroll","background-type":"","background-media":"","overlay-type":"","overlay-color":"","overlay-opacity":"","overlay-gradient":""},"mobile":{"background-color":"var(--ast-global-color-5)","background-image":"","background-repeat":"repeat","background-position":"center center","background-size":"auto","background-attachment":"scroll","background-type":"","background-media":"","overlay-type":"","overlay-color":"","overlay-opacity":"","overlay-gradient":""}},"footnotes":""},"class_list":["post-450","page","type-page","status-publish","hentry"],"_links":{"self":[{"href":"https:\/\/mlodziez.diecezja.elblag.pl\/index.php\/wp-json\/wp\/v2\/pages\/450"}],"collection":[{"href":"https:\/\/mlodziez.diecezja.elblag.pl\/index.php\/wp-json\/wp\/v2\/pages"}],"about":[{"href":"https:\/\/mlodziez.diecezja.elblag.pl\/index.php\/wp-json\/wp\/v2\/types\/page"}],"author":[{"embeddable":true,"href":"https:\/\/mlodziez.diecezja.elblag.pl\/index.php\/wp-json\/wp\/v2\/users\/1"}],"replies":[{"embeddable":true,"href":"https:\/\/mlodziez.diecezja.elblag.pl\/index.php\/wp-json\/wp\/v2\/comments?post=450"}],"version-history":[{"count":37,"href":"https:\/\/mlodziez.diecezja.elblag.pl\/index.php\/wp-json\/wp\/v2\/pages\/450\/revisions"}],"predecessor-version":[{"id":1826,"href":"https:\/\/mlodziez.diecezja.elblag.pl\/index.php\/wp-json\/wp\/v2\/pages\/450\/revisions\/1826"}],"wp:attachment":[{"href":"https:\/\/mlodziez.diecezja.elblag.pl\/index.php\/wp-json\/wp\/v2\/media?parent=450"}],"curies":[{"name":"wp","href":"https:\/\/api.w.org\/{rel}","templated":true}]}}